{"id":20,"date":"2015-04-27T19:31:27","date_gmt":"2015-04-27T17:31:27","guid":{"rendered":"https:\/\/elbok.com.pl\/w\/?page_id=20"},"modified":"2022-08-22T08:34:56","modified_gmt":"2022-08-22T06:34:56","slug":"kontakt","status":"publish","type":"page","link":"https:\/\/elbok.com.pl\/w\/kontakt\/","title":{"rendered":"Kontakt"},"content":{"rendered":"<p>Mo\u017cna si\u0119 z nami skontaktowa\u0107 za pomoc\u0105 poni\u017cszego formularza kontaktowego.<\/p>\n<div class=\"forminator-ui forminator-custom-form forminator-custom-form-1111 forminator-design--default  forminator_ajax\" data-forminator-render=\"0\" data-form=\"forminator-module-1111\" data-uid=\"6a094f825d91b\"><br\/><\/div><form\n\t\t\t\tid=\"forminator-module-1111\"\n\t\t\t\tclass=\"forminator-ui forminator-custom-form forminator-custom-form-1111 forminator-design--default  forminator_ajax\"\n\t\t\t\tmethod=\"post\"\n\t\t\t\tdata-forminator-render=\"0\"\n\t\t\t\tdata-form-id=\"1111\"\n\t\t\t\t data-color-option=\"default\" data-design=\"default\" data-grid=\"open\" style=\"display: none;\"\n\t\t\t\tdata-uid=\"6a094f825d91b\"\n\t\t\t><div role=\"alert\" aria-live=\"polite\" class=\"forminator-response-message forminator-error\" aria-hidden=\"true\"><\/div><div class=\"forminator-row\"><div id=\"name-1\" class=\"forminator-field-name forminator-col forminator-col-12 \"><div class=\"forminator-field\"><label for=\"forminator-field-name-1_6a094f825d91b\" id=\"forminator-field-name-1_6a094f825d91b-label\" class=\"forminator-label\">Imi\u0119 Nazwisko\/Firma <span class=\"forminator-required\">*<\/span><\/label><input type=\"text\" name=\"name-1\" value=\"\" placeholder=\"Na przyk\u0142ad: Jan Kowalski\" id=\"forminator-field-name-1_6a094f825d91b\" class=\"forminator-input forminator-name--field\" aria-required=\"true\" autocomplete=\"name\" aria-describedby=\"forminator-field-name-1_6a094f825d91b-description\" \/><span id=\"forminator-field-name-1_6a094f825d91b-description\" class=\"forminator-description\">Podaj swoje imi\u0119 i nazwisko, lub nazw\u0119 firmy<\/span><\/div><\/div><\/div><div class=\"forminator-row\"><div id=\"email-1\" class=\"forminator-field-email forminator-col forminator-col-12 \"><div class=\"forminator-field\"><label for=\"forminator-field-email-1_6a094f825d91b\" id=\"forminator-field-email-1_6a094f825d91b-label\" class=\"forminator-label\">Adres e-mail <span class=\"forminator-required\">*<\/span><\/label><input type=\"email\" name=\"email-1\" value=\"\" placeholder=\"Na przyk\u0142ad: jan@kowalski.com\" id=\"forminator-field-email-1_6a094f825d91b\" class=\"forminator-input forminator-email--field\" data-required=\"1\" aria-required=\"true\" autocomplete=\"email\" aria-describedby=\"forminator-field-email-1_6a094f825d91b-description\" \/><span id=\"forminator-field-email-1_6a094f825d91b-description\" class=\"forminator-description\">Podaj sw\u00f3j adres e-mail by\u015bmy mogli si\u0119 z Tob\u0105 skontaktowa\u0107<\/span><\/div><\/div><\/div><div class=\"forminator-row\"><div id=\"textarea-1\" class=\"forminator-field-textarea forminator-col forminator-col-12 \"><div class=\"forminator-field\"><label for=\"forminator-field-textarea-1_6a094f825d91b\" id=\"forminator-field-textarea-1_6a094f825d91b-label\" class=\"forminator-label\">Tre\u015b\u0107 zapytania <span class=\"forminator-required\">*<\/span><\/label><textarea name=\"textarea-1\" placeholder=\"Np. tekst zast\u0119pczy Mo\u017cesz wstawi\u0107 now\u0105 lini\u0119\" id=\"forminator-field-textarea-1_6a094f825d91b\" class=\"forminator-textarea\" rows=\"6\" style=\"--forminator-textarea-min-height:140px;\" maxlength=\"250\" aria-describedby=\"forminator-field-textarea-1_6a094f825d91b-description\" >Tu mo\u017cesz wprowadzi\u0107 tre\u015b\u0107 zapytania<\/textarea><span id=\"forminator-field-textarea-1_6a094f825d91b-description\" class=\"forminator-description\">Tre\u015b\u0107 zapytania<span data-limit=\"250\" data-type=\"characters\" data-editor=\"\">0 \/ 250<\/span><\/span><\/div><\/div><\/div><div class=\"forminator-row\"><div id=\"captcha-1\" class=\"forminator-field-captcha forminator-col forminator-col-12 \"><div class=\"forminator-captcha-left forminator-hcaptcha\" data-theme=\"light\"  data-sitekey=\"500616e2-b142-4451-9484-0b21df11706d\" data-size=\"normal\"><\/div> <\/div><\/div><input type=\"hidden\" name=\"referer_url\" value=\"\" \/><div class=\"forminator-row forminator-row-last\"><div class=\"forminator-col\"><div class=\"forminator-field\"><button class=\"forminator-button forminator-button-submit\">Prze\u015blij<\/button><\/div><\/div><\/div><input type=\"hidden\" id=\"forminator_nonce\" name=\"forminator_nonce\" value=\"cf594d7a10\" \/><input type=\"hidden\" name=\"_wp_http_referer\" value=\"\/w\/wp-json\/wp\/v2\/pages\/20\" \/><input type=\"hidden\" name=\"form_id\" value=\"1111\"><input type=\"hidden\" name=\"page_id\" value=\"20\"><input type=\"hidden\" name=\"form_type\" value=\"default\"><input type=\"hidden\" name=\"current_url\" value=\"https:\/\/elbok.com.pl\/w\/kontakt\/\"><input type=\"hidden\" name=\"render_id\" value=\"0\"><input type=\"hidden\" name=\"action\" value=\"forminator_submit_form_custom-forms\"><label for=\"input_4\" class=\"forminator-hidden\" aria-hidden=\"true\">Prosz\u0119 nie wype\u0142nia\u0107 tego pola. <input id=\"input_4\" type=\"text\" name=\"input_4\" value=\"\" autocomplete=\"off\"><\/label><\/form>\n","protected":false},"excerpt":{"rendered":"<p>Mo\u017cna si\u0119 z nami skontaktowa\u0107 za pomoc\u0105 poni\u017cszego formularza kontaktowego.<\/p>\n","protected":false},"author":1,"featured_media":0,"parent":0,"menu_order":4,"comment_status":"closed","ping_status":"closed","template":"templates\/template-twocolumns-right.php","meta":{"footnotes":"","_wp_rev_ctl_limit":""},"class_list":["post-20","page","type-page","status-publish","hentry"],"_links":{"self":[{"href":"https:\/\/elbok.com.pl\/w\/wp-json\/wp\/v2\/pages\/20","targetHints":{"allow":["GET"]}}],"collection":[{"href":"https:\/\/elbok.com.pl\/w\/wp-json\/wp\/v2\/pages"}],"about":[{"href":"https:\/\/elbok.com.pl\/w\/wp-json\/wp\/v2\/types\/page"}],"author":[{"embeddable":true,"href":"https:\/\/elbok.com.pl\/w\/wp-json\/wp\/v2\/users\/1"}],"replies":[{"embeddable":true,"href":"https:\/\/elbok.com.pl\/w\/wp-json\/wp\/v2\/comments?post=20"}],"version-history":[{"count":2,"href":"https:\/\/elbok.com.pl\/w\/wp-json\/wp\/v2\/pages\/20\/revisions"}],"predecessor-version":[{"id":1113,"href":"https:\/\/elbok.com.pl\/w\/wp-json\/wp\/v2\/pages\/20\/revisions\/1113"}],"wp:attachment":[{"href":"https:\/\/elbok.com.pl\/w\/wp-json\/wp\/v2\/media?parent=20"}],"curies":[{"name":"wp","href":"https:\/\/api.w.org\/{rel}","templated":true}]}}