{"id":14,"date":"2015-04-27T19:28:49","date_gmt":"2015-04-27T17:28:49","guid":{"rendered":"https:\/\/elbok.com.pl\/w\/?page_id=14"},"modified":"2022-11-02T09:40:15","modified_gmt":"2022-11-02T08:40:15","slug":"produkty","status":"publish","type":"page","link":"https:\/\/elbok.com.pl\/w\/produkty\/","title":{"rendered":"Produkty"},"content":{"rendered":"<h1>Nasze produkty<\/h1>\n<p>Oferujemy szerok\u0105 gam\u0119 produkt\u00f3w stosowanych w urz\u0105dzeniach automatyki przemys\u0142owej. Wybierz kategori\u0119 klikaj\u0105c w jeden z poni\u017cszych obraz\u00f3w lub wybierz z menu.<\/p>\n<table style=\"border-collapse: collapse;\">\n<tbody>\n<tr>\n<td style=\"text-align: center;\">\n<p>\n<a href=\"https:\/\/elbok.com.pl\/w\/produkty\/kasety-synoptyczne\/\"><img loading=\"lazy\" decoding=\"async\" class=\"aligncenter\" title=\"Kaseta synoptyczna S16\" src=\"https:\/\/elbok.com.pl\/w\/wp-content\/uploads\/2015\/05\/s16-300x201.png\" alt=\"Kaseta synoptyczna S16\" width=\"200\" height=\"134\" \/><\/a><\/p>\n<p>Kasety synoptyczne natablicowe<\/p>\n<\/td>\n<td style=\"text-align: center;\">\n<p>\n<a href=\"https:\/\/elbok.com.pl\/w\/produkty\/kontrolki-led\/\"><img loading=\"lazy\" decoding=\"async\" class=\"aligncenter\" title=\"Kontrolki LED KLU-20\" src=\"https:\/\/elbok.com.pl\/w\/wp-content\/uploads\/2015\/05\/klu20-300x201.png\" alt=\"Kontrolki LED KLU-20\" width=\"200\" height=\"134\" \/><\/a><\/p>\n<p>Uniwersalne kontrolki LED<\/p>\n<\/td>\n<td style=\"text-align: center;\">\n<a href=\"https:\/\/elbok.com.pl\/w\/produkty\/sygnalizatory-dzwiekowe\/\" rel=\"attachment wp-att-337\"><img loading=\"lazy\" decoding=\"async\" class=\"aligncenter\" title=\"Sygnalizator d\u017awi\u0119kowy ES-022-230-IP\" src=\"https:\/\/elbok.com.pl\/w\/wp-content\/uploads\/2015\/05\/es-022-230-ip-300x225.png\" alt=\"Sygnalizator d\u017awi\u0119kowy ES-022-230-IP\" width=\"200\" height=\"150\" \/><\/a>Sygnalizatory d\u017awi\u0119kowe<\/td>\n<\/tr>\n<tr>\n<td style=\"text-align: center;\">\n<a href=\"https:\/\/elbok.com.pl\/w\/produkty\/kontrolki-led\/\" rel=\"attachment wp-att-136\"><img loading=\"lazy\" decoding=\"async\" class=\"aligncenter\" src=\"https:\/\/elbok.com.pl\/w\/wp-content\/uploads\/2015\/04\/klba9-300x225.png\" alt=\"\u017bar\u00f3wka LED KL-BA9s\" width=\"200\" height=\"150\" \/><\/a>\u017bar\u00f3wki LED<\/td>\n<td style=\"text-align: center;\">\n<a href=\"https:\/\/elbok.com.pl\/w\/produkty\/wskazniki-i-bargrafy\/\" rel=\"attachment wp-att-346\"><img loading=\"lazy\" decoding=\"async\" class=\"aligncenter\" title=\"Wska\u017anik cyfrowo-analogowy WC-02A\/B\" src=\"https:\/\/elbok.com.pl\/w\/wp-content\/uploads\/2015\/05\/wc-02a_b-300x225.png\" alt=\"Wska\u017anik cyfrowo-analogowy WC-02A\/B\" width=\"200\" height=\"150\" \/><\/a>Wska\u017aniki cyfrowe z wej\u015bciem analogowym<\/td>\n<td style=\"text-align: center;\">\n<p><a href=\"https:\/\/elbok.com.pl\/w\/produkty\/wskazniki-i-bargrafy\/\" rel=\"attachment wp-att-348\"><img loading=\"lazy\" decoding=\"async\" class=\"aligncenter\" title=\"Wska\u017anik WC-04\" src=\"https:\/\/elbok.com.pl\/w\/wp-content\/uploads\/2015\/05\/wc-04-300x225.png\" alt=\"Wska\u017anik WC-04\" width=\"200\" height=\"150\" \/><\/a>Bargrafy z wej\u015bciem analogowym<\/p>\n<\/td>\n<\/tr>\n<tr>\n<td style=\"text-align: center;\">\n<p>\n<a href=\"https:\/\/elbok.com.pl\/w\/produkty\/listwy-przekaznikowe\/\"><img loading=\"lazy\" decoding=\"async\" class=\"aligncenter\" src=\"https:\/\/elbok.com.pl\/w\/wp-content\/uploads\/2015\/05\/wp8-1-1s-300x225.png\" alt=\"wp8-1-1s\" width=\"200\" height=\"150\" \/><\/a><\/p>\n<p>Listwy przeka\u017anikowe wielotorowe<\/p>\n<\/td>\n<td style=\"text-align: center;\">\n<div>\n<dl id=\"attachment_323\">\n<dt><a href=\"https:\/\/elbok.com.pl\/w\/produkty\/listwy-przekaznikowe\" rel=\"attachment wp-att-323\"><img loading=\"lazy\" decoding=\"async\" class=\"aligncenter\" title=\"Listwa przeka\u017anikowa WPE4-1-1M-3A\" src=\"https:\/\/elbok.com.pl\/w\/wp-content\/uploads\/2015\/05\/wpe4-1-1m-3a-300x225.png\" alt=\"Listwa przeka\u017anikowa WPE4-1-1M-3A\" width=\"200\" height=\"150\" \/><\/a><\/dt>\n<dd>Listwy przeka\u017anikowe elektroniczne (SSR)<\/dd>\n<\/dl>\n<\/div>\n<\/td>\n<td style=\"text-align: center;\">\n<div>\n<dl id=\"attachment_394\">\n<dt><a href=\"https:\/\/elbok.com.pl\/w\/produkty\/listwy-posrednie\/\" rel=\"attachment wp-att-394\"><img loading=\"lazy\" decoding=\"async\" class=\"aligncenter\" title=\"Listwa po\u015brednia WS4-6-220\" src=\"https:\/\/elbok.com.pl\/w\/wp-content\/uploads\/2015\/05\/ws4-6-220-300x225.png\" alt=\"Listwa po\u015brednia WS4-6-220\" width=\"200\" height=\"150\" \/><\/a><\/dt>\n<dd>Listwy po\u015brednie (Z dodatkowym sterowaniem lub bez)<\/dd>\n<\/dl>\n<\/div>\n<\/td>\n<\/tr>\n<tr>\n<td style=\"text-align: center;\">\n<div>\n<dl id=\"attachment_342\">\n<dt><a href=\"https:\/\/elbok.com.pl\/w\/produkty\/koncentratory-synoptyczne\/\" rel=\"attachment wp-att-342\"><img loading=\"lazy\" decoding=\"async\" class=\"aligncenter\" title=\"Koncentrator K1500\" src=\"https:\/\/elbok.com.pl\/w\/wp-content\/uploads\/2015\/05\/k1500-300x201.png\" alt=\"Koncentrator K1500\" width=\"200\" height=\"134\" \/><\/a><\/dt>\n<dd>Systemy sterowania tablic synoptycznych<\/dd>\n<\/dl>\n<\/div>\n<\/td>\n<td style=\"text-align: center;\">\n<div>\n<dl id=\"attachment_370\">\n<dt><a href=\"https:\/\/elbok.com.pl\/w\/produkty\/zasilacze\" rel=\"attachment wp-att-370\"><img loading=\"lazy\" decoding=\"async\" class=\"aligncenter\" src=\"https:\/\/elbok.com.pl\/w\/wp-content\/uploads\/2015\/05\/sps-200sm-24-300x225.png\" alt=\"Zasilacz SPS-200SM-24\" width=\"200\" height=\"150\" \/><\/a><\/dt>\n<dd>Zasilacze przemys\u0142owe<\/dd>\n<\/dl>\n<\/div>\n<\/td>\n<td style=\"text-align: center;\">\n<p><a href=\"https:\/\/elbok.com.pl\/w\/produkty\/wyroby-specjalne-dla-klientow\/\"><img loading=\"lazy\" decoding=\"async\" class=\"aligncenter wp-image-1192 size-thumbnail\" title=\"Uk\u0142ad kontroli bezpiecznik\u00f3w WPB6\" src=\"https:\/\/elbok.com.pl\/w\/wp-content\/uploads\/2022\/10\/WPB6_1-150x150.png\" alt=\"WPB6\" width=\"150\" height=\"150\" \/><\/a><\/p>\n<p>Wyroby specjalne i projekty zlecone<\/p>\n<\/td>\n<\/tr>\n<\/tbody>\n<\/table>\n","protected":false},"excerpt":{"rendered":"<p>Nasze produkty Oferujemy szerok\u0105 gam\u0119 produkt\u00f3w stosowanych w urz\u0105dzeniach automatyki przemys\u0142owej. Wybierz kategori\u0119 klikaj\u0105c w &hellip;<\/p>\n","protected":false},"author":1,"featured_media":0,"parent":0,"menu_order":1,"comment_status":"closed","ping_status":"closed","template":"","meta":{"footnotes":"","_wp_rev_ctl_limit":""},"class_list":["post-14","page","type-page","status-publish","hentry"],"_links":{"self":[{"href":"https:\/\/elbok.com.pl\/w\/wp-json\/wp\/v2\/pages\/14","targetHints":{"allow":["GET"]}}],"collection":[{"href":"https:\/\/elbok.com.pl\/w\/wp-json\/wp\/v2\/pages"}],"about":[{"href":"https:\/\/elbok.com.pl\/w\/wp-json\/wp\/v2\/types\/page"}],"author":[{"embeddable":true,"href":"https:\/\/elbok.com.pl\/w\/wp-json\/wp\/v2\/users\/1"}],"replies":[{"embeddable":true,"href":"https:\/\/elbok.com.pl\/w\/wp-json\/wp\/v2\/comments?post=14"}],"version-history":[{"count":2,"href":"https:\/\/elbok.com.pl\/w\/wp-json\/wp\/v2\/pages\/14\/revisions"}],"predecessor-version":[{"id":1333,"href":"https:\/\/elbok.com.pl\/w\/wp-json\/wp\/v2\/pages\/14\/revisions\/1333"}],"wp:attachment":[{"href":"https:\/\/elbok.com.pl\/w\/wp-json\/wp\/v2\/media?parent=14"}],"curies":[{"name":"wp","href":"https:\/\/api.w.org\/{rel}","templated":true}]}}